 g*u(n) - o(n). What is the remainder when 104 is divided by q(0)?
14
Let x(h) = h + 14. Let a(w) = -w**2 - 11*w + 7. Let f be a(-8). Let r = f - 18. What is the remainder when x(r) is divided by 6?
3
Let b = -3859 + 3889. What is the remainder when 7107 is divided by b?
27
Let i(s) = s - 2. Let p be i(2). Suppose p*a = 3*a - 84. What is the remainder when a is divided by 4/24 - (67 + 123)*1/(-12)?
12
Let n = -2148 - -2635. Calculate the remainder when n is divided by 253.
234
Let x = -798 + 825. Calculate the remainder when 8231 is divided by x.
23
Let x = -926 - -1649. Calculate the remainder when x is divided by 193.
144
Suppose -2*w + 508 = v, 2*v + 1495*w - 1494*w = 983. Suppose -4*x + 175 = 3*b, -4*x - x = 3*b - 173. What is the remainder when v is divided by b?
59
Suppose 4*z - 7 = 13. Suppose z*u = -5*c + 30, 0 = 3*u + 2*u - c - 18. Suppose u*x = 741 - 81. What is the remainder when x is divided by 28?
25
Let q = 61 + -150. Let v = 94 + q. Let j(m) = -m**3 - 8*m**2 - 7*m + 3. Calculate the remainder when v is divided by j(-7).
2
Let f(d) = 39 - 6*d - 9 + 4*d + 5*d. Suppose -2*n + 3*b + 45 = 0, -5*b = 3*n - 0*b - 77. Calculate the remainder when f(12) is divided by n.
18
Let v be (1/(-3)*2)/(2/(-33)). Let r = 8 - v. What is the remainder when 43 is divided by 12*1/2 - r?
7
Calculate the remainder when (46/(-8))/((-12)/48) is divided by (-10)/15 + 41/3.
10
Let b = -558 - -1298. Suppose 3*p - 4*s - b = -2*p, -p + 172 = 4*s. Suppose p = 3*x - 217. What is the remainder when x is divided by 42?
39
Suppose 8*t = -5*y + 3*t, 4*y - 5*t = 27. Suppose 2*r - 9 = -y. Calculate the remainder when 33 is divided by (r*7/(-42))/(1/(-18)).
6
Let h = -2692 - -2717. Calculate the remainder when 72 is divided by h.
22
Let s(t) = 14*t**2 + 76*t - 21*t**2 - 28*t**2 - 33 - t**3 - 42*t. Calculate the remainder when 151 is divided by s(-36).
34
Suppose -21230 = 10*a - 21830. Calculate the remainder when 425 is divided by a.
5
Suppose 5*p + 3*j = 5*j + 21, 0 = 3*p - 3*j - 18. Suppose 26 = 2*o - 4*q - q, p*o + 5*q - 64 = 0. Calculate the remainder when 55 is divided by o.
1
Let p be 3 - (-95)/(-30) - 266/(-12). Let q = -4 + p. Suppose 0 = -5*m + b + 172, -q - 24 = -m + 4*b. What is the remainder when 134 is divided by m?
32
Let w = -1872 + 1913. Suppose -4*q - 5*m = -316, -q + 79 = -0*m - 3*m. Calculate the remainder when q is divided by w.
38
Suppose 4*d = -5*g + 1595, 838 + 387 = 3*d - 2*g. Suppose -7*s = -12*s + d. Let f = 96 - s. What is the remainder when 67 is divided by f?
7
Let l(t) = -t**3 - 29*t**2 + 25*t - 70. Let p be l(-30). Let w = 99 - p. Calculate the remainder when 70 is divided by w.
13
Suppose -5*f - 10 = 0, f = 3*i - 11 - 18. Let m = 8 - 8. Suppose m*g - 106 = -2*g. Calculate the remainder when g is divided by i.
8
Let d(s) = 4*s**2 - 12*s - 35. Let k(u) = -u**2 + 3*u - 1. Let o(f) = -d(f) - 3*k(f). What is the remainder when o(0) is divided by 20?
18
Suppose -d - 6 = 34. Let h = d + 47. Suppose -h*o + 11 + 73 = 0. Calculate the remainder when 33 is divided by o.
9
Let p be (-1)/(-1)*3/(-1). Let z = 40 + p. Let n(d) = -2*d**3 + 9*d**2 + 79*d - 159. Calculate the remainder when z is divided by n(2).
18
Suppose -83 = 3*z - b, -z = 2*z + 2*b + 68. Calculate the remainder when 0 + 35 + 13 + 13 + z is divided by 6.
5
Let x be (-3*2/27)/(2/(-36)). Suppose -9*p + 42 = x*h - 14*p, 3*h - 18 = -3*p. Calculate the remainder when h is divided by 8.
0
Suppose -s = -3*t - 109, 26*t + 297 = 3*s + 23*t. What is the remainder when s is divided by 18?
4
What is the remainder when 33/(-44) + 0 + 4749/(-24)*-2 is divided by 18?
17
What is the remainder when 423 is divided by (-4)/(4 + 110/(-27))?
45
Suppose 5*v - 5*q = 1605 + 995, 7*v - 3552 = -4*q. What is the remainder when v is divided by 213?
86
Suppose 3*c + 3*k - 54 = -0*k, -4*k = c. What is the remainder when 2202 is divided by c?
18
Suppose 4760 = 5*y - 130. What is the remainder when y is divided by 82?
76
Calculate the remainder when 351 is divided by (-20)/((-21)/(-9) + (-319)/66).
7
Suppose 6*i = 8*i - 724. Let r = i + -206. What is the remainder when r is divided by 40?
36
Let p = 353 + -40. Suppose -3*n - p = 5. Let a = 165 + n. Calculate the remainder when a is divided by 13.
7
Let k = 237 + -871. Let h = -596 - k. What is the remainder when 108 is divided by h?
32
Suppose 122*k = t + 123*k - 14, -t - 5*k = -14. Calculate the remainder when 752 is divided by t.
10
Let w(s) = -3*s - 1 - 2*s - 44. Let d be ((-156)/16)/((-9)/(-12)). What is the remainder when w(d) is divided by 11?
9
Let b = 40 + -31. Suppose d - b = -3. Calculate the remainder when 33 is divided by d.
3
Let t be 1/(7/3 + -2). Suppose 5*w = -2*i + 34, -3*i - t = -2*i. Calculate the remainder when -1*(904/(-80) + 2/(-20)*-3) is divided by w.
3
Let d = 3844 - 3733. What is the remainder when 433 is divided by d?
100
Suppose -2*g + 180 + 242 = 3*v, -2*v + 3*g + 264 = 0. Suppose v*d - 131*d = 63. What is the remainder when 43 is divided by d?
7
Suppose -l + 5*q = 6, 4*l + 32 = q + 8. Calculate the remainder when (105 - 4) + (-3)/(9/l) is divided by 28.
19
Let i(b) = -b**2 - 14*b - 20. Suppose 4*l + 89 = -3*j, -2*l = -3*j + 63 - 14. Let u be i(l). Let w = 364 + u. Calculate the remainder when w is divided by 35.
32
Let a(g) = 4*g**3 + 246*g**2 - 128*g - 157. Calculate the remainder when 1635 is divided by a(-62).
88
Let n(h) = h**3 - 9*h**2 + 21*h - 6. Let w be n(6). Let y(r) = r**2 + r - 4. Calculate the remainder when y(w) is divided by 52.
48
Suppose -57283 + 12296 = -14*l + 8885. Calculate the remainder when l is divided by 110.
108
Let y(b) = b**2 - 4. Suppose -18259 = -33*z - 7270. What is the remainder when z is divided by y(5)?
18
Let l(i) = 17*i**2 - 74*i - 1088. Calculate the remainder when l(-13) is divided by 34.
27
Suppose 3*k - 4*z = -6*z + 43, 0 = -4*z - 16. Suppose -8*a + k*a = 540. What is the remainder when 116 is divided by a?
56
Let t(f) = -99*f + 2627. Calculate the remainder when 252 is divided by t(24).
1
Let f be (7 - 5)/(1/2). Let m(u) = -u**3 + 9*u**2 + 3*u + 3. Calculate the remainder when m(f) is divided by (1 - 3) + (-224)/(-14).
11
Suppose 26*s - 1732 = 311 + 817. Calculate the remainder when 383 is divided by s.
53
Let d be ((-45)/27)/(1/(-417)). What is the remainder when (-25)/(-75) - d/(-3) is divided by 39?
37
Suppose 0 = -z + 4 - 0. Suppose -c + 10 = -4*n, 4*c + n + 1179 = 1270. Calculate the remainder when c is divided by z.
2
Let k be 3 - -52 - (36/3)/3. Suppose -n + 3*s + k = 0, 0*s + 133 = 3*n + s. Let j = 127 - n. Calculate the remainder when j is divided by 7.
5
Let m(a) = 3*a**2 - 94*a + 644. What is the remainder when m(7) is divided by 33?
1
Suppose 0 = 25*g - 21*g + 892. Let c = g - -250. What is the remainder when 158 is divided by c?
23
Suppose 11*r - 1452 = 26*x - 21*x, -4*r - 4*x + 528 = 0. What is the remainder when 367 is divided by r?
103
Let s(y) = -2*y**2 - 22*y - 44. Let n be s(-8). What is the remainder when 90 is divided by 6 + (-6)/(-8) + n/16?
6
Suppose -673 + 142 = -3*f. Let v = f - 75. What is the remainder when v is divided by 53?
49
Suppose -5*p + 4*g + 1624 = -p, 2*g + 1638 = 4*p. What is the remainder when p is divided by 23?
22
Calculate the remainder when 3055 is divided by (165/(-60))/(-1)*4.
8
Suppose 0*i + 5*i = 90. Suppose 12*z = -12*z + 1584. Calculate the remainder when z is divided by i.
12
Let z be (-3)/(-4) - 9772/(-112). Let f = -37 + z. Let c = -35 + f. Calculate the remainder when c is divided by 8.
0
Let h(o) be the second derivative of 7*o**3/3 - 37*o**2/2 - 20*o. What is the remainder when (-1)/(1/4) + 94 is divided by h(6)?
43
Let k = -181 + 164. What is the remainder when 51 is divided by ((-19)/3 - -2)/(k/51)?
12
Suppose 40 = 5*o - 0*o, 2*m - 4*o = 8. What is the remainder when 29479 is divided by m?
19
Suppose 2*t = -5*w + 955, -3*t + 950 = 3*w + 2*w. Calculate the remainder when 548 is divided by w.
162
Let p(c) = 2*c**2 + 11*c - 9. Let k = -58 - -58. Suppose 0 = -3*w + 3*z + 54, -w - 5*z = -k*z - 36. Calculate the remainder when p(-10) is divided by w.
18
Calculate the remainder when (420/(-33))/((-6)/33) is divided by 23.
1
What is the remainder when 2555 is divided by (-24 + 31)*(120/21 - 4)?
11
Suppose -4*d - 5*s = -1471, 37*d - 5*s - 713 = 35